{"id":11118,"date":"2019-11-21T11:10:40","date_gmt":"2019-11-21T11:10:40","guid":{"rendered":"http:\/\/www.articulosdeseguridad.com.co\/?post_type=product&#038;p=11118"},"modified":"2024-06-20T14:57:36","modified_gmt":"2024-06-20T19:57:36","slug":"rodillera-de-seguridad-zima","status":"publish","type":"product","link":"https:\/\/www.articulosdeseguridad.com.co\/index.php\/product\/rodillera-de-seguridad-zima\/","title":{"rendered":"Rodillera de seguridad Zima"},"content":{"rendered":"<p><img fetchpriority=\"high\" decoding=\"async\" class=\"size-medium wp-image-18712 alignleft\" src=\"https:\/\/www.articulosdeseguridad.com.co\/wp-content\/uploads\/2019\/11\/rodillera-zima-delta-plus-300x275.jpg\" alt=\"\" width=\"300\" height=\"275\" srcset=\"https:\/\/www.articulosdeseguridad.com.co\/wp-content\/uploads\/2019\/11\/rodillera-zima-delta-plus-300x275.jpg 300w, https:\/\/www.articulosdeseguridad.com.co\/wp-content\/uploads\/2019\/11\/rodillera-zima-delta-plus-600x550.jpg 600w, https:\/\/www.articulosdeseguridad.com.co\/wp-content\/uploads\/2019\/11\/rodillera-zima-delta-plus.jpg 720w\" sizes=\"(max-width: 300px) 100vw, 300px\" \/><\/p>\n<h2>Rodillera de seguridad Zima<\/h2>\n<p>La rodillera de seguridad Zima; brinda Protecci\u00f3n y estabilidad excelentes sobre todo tipo de suelos. Los materiales modelados que no marcan, son ligeros y evitan el dejar marcas y ara\u00f1azos sobre la superficie de trabajo. El dise\u00f1o ergon\u00f3mico proporciona una completa protecci\u00f3n y comodidad, con un agarre superior para evitar deslizamientos. Tiras ajustables para un firme y flexible ajuste en todo momento.<\/p>\n<div class=\"titleh2\">RODILLERA GEL<\/div>\n<div id=\"carouselThumbProduit\" class=\"row-fluid\">\n<div class=\"owl-carousel-thumbs\">\n<div id=\"thumbsProduit\" class=\"owl-carousel owl-theme\">\n<div class=\"owl-wrapper-outer span10 offset1 autoHeight\">\n<div class=\"owl-wrapper\">\n<div class=\"owl-item\"><\/div>\n<\/div>\n<\/div>\n<\/div>\n<\/div>\n<\/div>\n","protected":false},"excerpt":{"rendered":"<h3 class=\"text-left\">Caracter\u00edsticas<\/h3>\n<ul>\n<li>Rodillera de seguridad Zima<\/li>\n<li>Certificado CE<\/li>\n<li>Resistente cubierta exterior para mayor protecci\u00f3n<\/li>\n<li>Dise\u00f1o ligero y envolvente<\/li>\n<li>Tiras ajustables para un ajuste seguro<\/li>\n<li>Tejido interior transpirable, que permite que el aire circule<\/li>\n<li>Un grueso n\u00facleo esponjoso protege las rodillas del usuario<\/li>\n<\/ul>\n<p>Ficha T\u00e9cnica<\/p>\n<p><a href=\"https:\/\/www.articulosdeseguridad.com.co\/wp-content\/uploads\/2019\/11\/DELTA-PRODUCT-ZIMA-1.pdf\" target=\"_blank\" rel=\"noopener\">DELTA-PRODUCT- ZIMA (1)<\/a><\/p>\n<p>&nbsp;<\/p>\n","protected":false},"featured_media":18712,"comment_status":"open","ping_status":"closed","template":"","meta":{"_acf_changed":false},"product_brand":[],"product_cat":[107,180],"product_tag":[490,491,489],"class_list":{"0":"post-11118","1":"product","2":"type-product","3":"status-publish","4":"has-post-thumbnail","6":"product_cat-proteccion-corporal","7":"product_cat-rodilleras-canilleras","8":"product_tag-proteccion-para-rodillas","9":"product_tag-rodillera","10":"product_tag-rodillera-de-seguridad","12":"first","13":"instock","14":"downloadable","15":"taxable","16":"shipping-taxable","17":"purchasable","18":"product-type-simple"},"acf":[],"aioseo_notices":[],"_links":{"self":[{"href":"https:\/\/www.articulosdeseguridad.com.co\/index.php\/wp-json\/wp\/v2\/product\/11118","targetHints":{"allow":["GET"]}}],"collection":[{"href":"https:\/\/www.articulosdeseguridad.com.co\/index.php\/wp-json\/wp\/v2\/product"}],"about":[{"href":"https:\/\/www.articulosdeseguridad.com.co\/index.php\/wp-json\/wp\/v2\/types\/product"}],"replies":[{"embeddable":true,"href":"https:\/\/www.articulosdeseguridad.com.co\/index.php\/wp-json\/wp\/v2\/comments?post=11118"}],"wp:featuredmedia":[{"embeddable":true,"href":"https:\/\/www.articulosdeseguridad.com.co\/index.php\/wp-json\/wp\/v2\/media\/18712"}],"wp:attachment":[{"href":"https:\/\/www.articulosdeseguridad.com.co\/index.php\/wp-json\/wp\/v2\/media?parent=11118"}],"wp:term":[{"taxonomy":"product_brand","embeddable":true,"href":"https:\/\/www.articulosdeseguridad.com.co\/index.php\/wp-json\/wp\/v2\/product_brand?post=11118"},{"taxonomy":"product_cat","embeddable":true,"href":"https:\/\/www.articulosdeseguridad.com.co\/index.php\/wp-json\/wp\/v2\/product_cat?post=11118"},{"taxonomy":"product_tag","embeddable":true,"href":"https:\/\/www.articulosdeseguridad.com.co\/index.php\/wp-json\/wp\/v2\/product_tag?post=11118"}],"curies":[{"name":"wp","href":"https:\/\/api.w.org\/{rel}","templated":true}]}}