{"id":14923,"date":"2020-02-09T10:03:59","date_gmt":"2020-02-09T10:03:59","guid":{"rendered":"http:\/\/www.articulosdeseguridad.com.co\/?post_type=product&#038;p=14923"},"modified":"2023-07-06T14:36:42","modified_gmt":"2023-07-06T19:36:42","slug":"guante-cuarto-frio-hercule-vv7505","status":"publish","type":"product","link":"https:\/\/www.articulosdeseguridad.com.co\/index.php\/product\/guante-cuarto-frio-hercule-vv7505\/","title":{"rendered":"Guante Cuarto Fr\u00edo Hercule VV750"},"content":{"rendered":"<p>&nbsp;<\/p>\n<h1><img fetchpriority=\"high\" decoding=\"async\" class=\"size-medium wp-image-18745 alignleft\" src=\"https:\/\/www.articulosdeseguridad.com.co\/wp-content\/uploads\/2020\/02\/guante-cuarto-frio-hercule-delta-plus-1-300x300.jpg\" alt=\"\" width=\"300\" height=\"300\" srcset=\"https:\/\/www.articulosdeseguridad.com.co\/wp-content\/uploads\/2020\/02\/guante-cuarto-frio-hercule-delta-plus-1-300x300.jpg 300w, https:\/\/www.articulosdeseguridad.com.co\/wp-content\/uploads\/2020\/02\/guante-cuarto-frio-hercule-delta-plus-1-150x150.jpg 150w, https:\/\/www.articulosdeseguridad.com.co\/wp-content\/uploads\/2020\/02\/guante-cuarto-frio-hercule-delta-plus-1-768x768.jpg 768w, https:\/\/www.articulosdeseguridad.com.co\/wp-content\/uploads\/2020\/02\/guante-cuarto-frio-hercule-delta-plus-1-600x600.jpg 600w, https:\/\/www.articulosdeseguridad.com.co\/wp-content\/uploads\/2020\/02\/guante-cuarto-frio-hercule-delta-plus-1-100x100.jpg 100w, https:\/\/www.articulosdeseguridad.com.co\/wp-content\/uploads\/2020\/02\/guante-cuarto-frio-hercule-delta-plus-1.jpg 800w\" sizes=\"(max-width: 300px) 100vw, 300px\" \/><\/h1>\n<h1>Guante Cuarto Fr\u00edo Hercule VV750<\/h1>\n<p>El guante cuarto fr\u00edo Hercule VV750, est\u00e1 Dise\u00f1ado especialmente para trabajos con fr\u00edo. Ideal para entornos de fr\u00edo hasta -15 \u00baC. El rugoso acabado del nitrilo proporciona un agarre excelente y el c\u00e1lido soporte acr\u00edlico, protege del fr\u00edo en condiciones extremas.<\/p>\n<p>Ideal para operaciones en cuartos fr\u00edos, o manipulaci\u00f3n de piezas fr\u00edas.<\/p>\n","protected":false},"excerpt":{"rendered":"<ul>\n<li>Certificado EN388, EN511<\/li>\n<li>Ideal para entornos de fr\u00edo hasta -15 \u00baC<\/li>\n<li>Dise\u00f1o especial para su uso en condiciones de fr\u00edo<\/li>\n<li>Combinaci\u00f3n de un soporte doble<\/li>\n<li>C\u00e1lido soporte Acr\u00edlico, para protecci\u00f3n contra el fr\u00edo<\/li>\n<\/ul>\n<p>Ficha T\u00e9cnica<\/p>\n<p><a href=\"https:\/\/www.articulosdeseguridad.com.co\/wp-content\/uploads\/2020\/02\/DELTA-PRODUCT-VV750-HERCULE.pdf\" target=\"_blank\" rel=\"noopener\">DELTA-PRODUCT- VV750 HERCULE<\/a><\/p>\n","protected":false},"featured_media":18745,"comment_status":"open","ping_status":"closed","template":"","meta":{"_acf_changed":false},"product_brand":[],"product_cat":[89,131],"product_tag":[575],"class_list":{"0":"post-14923","1":"product","2":"type-product","3":"status-publish","4":"has-post-thumbnail","6":"product_cat-proteccion-manual","7":"product_cat-proteccion-termica-proteccion-manual","8":"product_tag-guante-cuarto-frio","10":"first","11":"instock","12":"taxable","13":"shipping-taxable","14":"purchasable","15":"product-type-variable"},"acf":[],"aioseo_notices":[],"_links":{"self":[{"href":"https:\/\/www.articulosdeseguridad.com.co\/index.php\/wp-json\/wp\/v2\/product\/14923","targetHints":{"allow":["GET"]}}],"collection":[{"href":"https:\/\/www.articulosdeseguridad.com.co\/index.php\/wp-json\/wp\/v2\/product"}],"about":[{"href":"https:\/\/www.articulosdeseguridad.com.co\/index.php\/wp-json\/wp\/v2\/types\/product"}],"replies":[{"embeddable":true,"href":"https:\/\/www.articulosdeseguridad.com.co\/index.php\/wp-json\/wp\/v2\/comments?post=14923"}],"wp:featuredmedia":[{"embeddable":true,"href":"https:\/\/www.articulosdeseguridad.com.co\/index.php\/wp-json\/wp\/v2\/media\/18745"}],"wp:attachment":[{"href":"https:\/\/www.articulosdeseguridad.com.co\/index.php\/wp-json\/wp\/v2\/media?parent=14923"}],"wp:term":[{"taxonomy":"product_brand","embeddable":true,"href":"https:\/\/www.articulosdeseguridad.com.co\/index.php\/wp-json\/wp\/v2\/product_brand?post=14923"},{"taxonomy":"product_cat","embeddable":true,"href":"https:\/\/www.articulosdeseguridad.com.co\/index.php\/wp-json\/wp\/v2\/product_cat?post=14923"},{"taxonomy":"product_tag","embeddable":true,"href":"https:\/\/www.articulosdeseguridad.com.co\/index.php\/wp-json\/wp\/v2\/product_tag?post=14923"}],"curies":[{"name":"wp","href":"https:\/\/api.w.org\/{rel}","templated":true}]}}