{"id":16899,"date":"2020-06-28T20:32:11","date_gmt":"2020-06-28T20:32:11","guid":{"rendered":"https:\/\/www.articulosdeseguridad.com.co\/?post_type=product&#038;p=16899"},"modified":"2023-07-06T16:49:10","modified_gmt":"2023-07-06T21:49:10","slug":"arnes-dielectrico-haa14-cruzado-4-puntos-wcohaa14el-delta-plus","status":"publish","type":"product","link":"https:\/\/www.articulosdeseguridad.com.co\/index.php\/product\/arnes-dielectrico-haa14-cruzado-4-puntos-wcohaa14el-delta-plus\/","title":{"rendered":"ARNES DIEL\u00c9CTRICO CRUZADO 4 PUNTOS (WCOHAA14EL)"},"content":{"rendered":"<h3><img fetchpriority=\"high\" decoding=\"async\" class=\"size-medium wp-image-18750 alignleft\" src=\"https:\/\/www.articulosdeseguridad.com.co\/wp-content\/uploads\/2020\/06\/ARNES-DIELECTRICO-WCOHAA14EL-MARCA-DELTA-PLUS-300x275.jpg\" alt=\"\" width=\"300\" height=\"275\" srcset=\"https:\/\/www.articulosdeseguridad.com.co\/wp-content\/uploads\/2020\/06\/ARNES-DIELECTRICO-WCOHAA14EL-MARCA-DELTA-PLUS-300x275.jpg 300w, https:\/\/www.articulosdeseguridad.com.co\/wp-content\/uploads\/2020\/06\/ARNES-DIELECTRICO-WCOHAA14EL-MARCA-DELTA-PLUS-600x550.jpg 600w, https:\/\/www.articulosdeseguridad.com.co\/wp-content\/uploads\/2020\/06\/ARNES-DIELECTRICO-WCOHAA14EL-MARCA-DELTA-PLUS.jpg 720w\" sizes=\"(max-width: 300px) 100vw, 300px\" \/><\/h3>\n<h3>ARNES DIEL\u00c9CTRICO HAA14 CRUZADO 4 PUNTOS (WCOHAA14EL) DELTA PLUS<\/h3>\n<p>Arn\u00e9s diel\u00e9ctrico bicolor con 4 puntos de anclaje (1 dorsal, 1 pectoral, 2 laterales), con 4 hebillas de regulaci\u00f3n de f\u00e1cil graduaci\u00f3n. Herrajes diel\u00e9ctricos de 9kV \u2013 5000 lb (22,2 kN). Reata de alta resistencia a la rotura.<\/p>\n","protected":false},"excerpt":{"rendered":"<ul>\n<li>Arn\u00e9s bicolor con 4 puntos de anclaje<\/li>\n<li>4 hebillas de regulaci\u00f3n de f\u00e1cil graduaci\u00f3n<\/li>\n<li>Herrajes diel\u00e9ctricos de 9kV \u2013 5000 lb (22,2 kN)<\/li>\n<li>ANSI Z359.11-2014<\/li>\n<\/ul>\n<p>Ficha T\u00e9cnica<\/p>\n<p><a href=\"https:\/\/www.articulosdeseguridad.com.co\/wp-content\/uploads\/2020\/06\/DELTA-PRODUCT-WCOHAA14EL_.pdf\" target=\"_blank\" rel=\"noopener\">DELTA-PRODUCT- WCOHAA14EL_<\/a><\/p>\n","protected":false},"featured_media":18750,"comment_status":"closed","ping_status":"closed","template":"","meta":{"_acf_changed":false},"product_brand":[],"product_cat":[118,226],"product_tag":[396,646,647,648],"class_list":{"0":"post-16899","1":"product","2":"type-product","3":"status-publish","4":"has-post-thumbnail","6":"product_cat-arneses-dielectricos","7":"product_cat-proteccion-contra-caidas","8":"product_tag-arnes-de-rescate","9":"product_tag-arnes-para-rescate-en-alturas","10":"product_tag-rescate-en-alturas","11":"product_tag-skylotec","13":"first","14":"instock","15":"taxable","16":"shipping-taxable","17":"purchasable","18":"product-type-simple"},"acf":[],"aioseo_notices":[],"_links":{"self":[{"href":"https:\/\/www.articulosdeseguridad.com.co\/index.php\/wp-json\/wp\/v2\/product\/16899","targetHints":{"allow":["GET"]}}],"collection":[{"href":"https:\/\/www.articulosdeseguridad.com.co\/index.php\/wp-json\/wp\/v2\/product"}],"about":[{"href":"https:\/\/www.articulosdeseguridad.com.co\/index.php\/wp-json\/wp\/v2\/types\/product"}],"replies":[{"embeddable":true,"href":"https:\/\/www.articulosdeseguridad.com.co\/index.php\/wp-json\/wp\/v2\/comments?post=16899"}],"wp:featuredmedia":[{"embeddable":true,"href":"https:\/\/www.articulosdeseguridad.com.co\/index.php\/wp-json\/wp\/v2\/media\/18750"}],"wp:attachment":[{"href":"https:\/\/www.articulosdeseguridad.com.co\/index.php\/wp-json\/wp\/v2\/media?parent=16899"}],"wp:term":[{"taxonomy":"product_brand","embeddable":true,"href":"https:\/\/www.articulosdeseguridad.com.co\/index.php\/wp-json\/wp\/v2\/product_brand?post=16899"},{"taxonomy":"product_cat","embeddable":true,"href":"https:\/\/www.articulosdeseguridad.com.co\/index.php\/wp-json\/wp\/v2\/product_cat?post=16899"},{"taxonomy":"product_tag","embeddable":true,"href":"https:\/\/www.articulosdeseguridad.com.co\/index.php\/wp-json\/wp\/v2\/product_tag?post=16899"}],"curies":[{"name":"wp","href":"https:\/\/api.w.org\/{rel}","templated":true}]}}