{"id":17199,"date":"2020-10-29T20:55:37","date_gmt":"2020-10-29T20:55:37","guid":{"rendered":"https:\/\/www.articulosdeseguridad.com.co\/?post_type=product&#038;p=17199"},"modified":"2025-02-28T13:16:46","modified_gmt":"2025-02-28T18:16:46","slug":"respirador-n95-con-valvula-in-1020v-in-safe","status":"publish","type":"product","link":"https:\/\/www.articulosdeseguridad.com.co\/index.php\/product\/respirador-n95-con-valvula-in-1020v-in-safe\/","title":{"rendered":"Respirador N95 IN-1020V IN-SAFE"},"content":{"rendered":"<p><img fetchpriority=\"high\" decoding=\"async\" class=\"size-medium wp-image-17197 alignleft\" src=\"https:\/\/www.articulosdeseguridad.com.co\/wp-content\/uploads\/2020\/10\/Respirador-N95-INSAFE-con-valvula-2-300x290.jpg\" alt=\"\" width=\"300\" height=\"290\" srcset=\"https:\/\/www.articulosdeseguridad.com.co\/wp-content\/uploads\/2020\/10\/Respirador-N95-INSAFE-con-valvula-2-300x290.jpg 300w, https:\/\/www.articulosdeseguridad.com.co\/wp-content\/uploads\/2020\/10\/Respirador-N95-INSAFE-con-valvula-2.jpg 410w\" sizes=\"(max-width: 300px) 100vw, 300px\" \/><\/p>\n<h3><\/h3>\n<h3>Respirador N95 IN-SAFE (IN-1020V)<\/h3>\n<p>Respirador N95 IN-1020V IN-SAFE contra part\u00edculas N95 (Filtro de part\u00edculas 95% nivel de eficiencia), brinda efectiva, confortable e higi\u00e9nica protecci\u00f3n respiratoria contra la gran mayor\u00eda de polvos y part\u00edculas sin presencia de aceite. Respirador con materiales de construcci\u00f3n ligeros que dan mayor comodidad al usuario y promueven mayor tiempo de uso.<\/p>\n","protected":false},"excerpt":{"rendered":"<ul>\n<li>Respirador N95 NIOSH<\/li>\n<li>Respirador libre mantenimiento con v\u00e1lvula<\/li>\n<\/ul>\n<p>Ficha T\u00e9cnica<\/p>\n<p><a href=\"https:\/\/www.articulosdeseguridad.com.co\/wp-content\/uploads\/2020\/10\/RESPIRADOR-N95-IN-SAFE.pdf\">RESPIRADOR N95 IN-SAFE<\/a><a href=\"https:\/\/www.articulosdeseguridad.com.co\/wp-content\/uploads\/2020\/10\/RESPIRADOR-N95-IN-SAFE.pdf\" target=\"_blank\" rel=\"noopener noreferrer\">RESPIRADOR N95 IN-SAFE<\/a><\/p>\n","protected":false},"featured_media":17197,"comment_status":"closed","ping_status":"closed","template":"","meta":{"_acf_changed":false},"product_brand":[],"product_cat":[112,90],"product_tag":[449,678,339,446,676,677],"class_list":{"0":"post-17199","1":"product","2":"type-product","3":"status-publish","4":"has-post-thumbnail","6":"product_cat-libre-mantenimiento","7":"product_cat-proteccion-respiratoria","8":"product_tag-respirador-con-valvula","9":"product_tag-respirador-in-safe-1020v","10":"product_tag-respirador-libre-mantenimiento","11":"product_tag-respirador-n95","12":"product_tag-respirador-para-particulas","13":"product_tag-respirador-para-polvos","15":"first","16":"instock","17":"taxable","18":"shipping-taxable","19":"purchasable","20":"product-type-simple"},"acf":[],"aioseo_notices":[],"_links":{"self":[{"href":"https:\/\/www.articulosdeseguridad.com.co\/index.php\/wp-json\/wp\/v2\/product\/17199","targetHints":{"allow":["GET"]}}],"collection":[{"href":"https:\/\/www.articulosdeseguridad.com.co\/index.php\/wp-json\/wp\/v2\/product"}],"about":[{"href":"https:\/\/www.articulosdeseguridad.com.co\/index.php\/wp-json\/wp\/v2\/types\/product"}],"replies":[{"embeddable":true,"href":"https:\/\/www.articulosdeseguridad.com.co\/index.php\/wp-json\/wp\/v2\/comments?post=17199"}],"wp:featuredmedia":[{"embeddable":true,"href":"https:\/\/www.articulosdeseguridad.com.co\/index.php\/wp-json\/wp\/v2\/media\/17197"}],"wp:attachment":[{"href":"https:\/\/www.articulosdeseguridad.com.co\/index.php\/wp-json\/wp\/v2\/media?parent=17199"}],"wp:term":[{"taxonomy":"product_brand","embeddable":true,"href":"https:\/\/www.articulosdeseguridad.com.co\/index.php\/wp-json\/wp\/v2\/product_brand?post=17199"},{"taxonomy":"product_cat","embeddable":true,"href":"https:\/\/www.articulosdeseguridad.com.co\/index.php\/wp-json\/wp\/v2\/product_cat?post=17199"},{"taxonomy":"product_tag","embeddable":true,"href":"https:\/\/www.articulosdeseguridad.com.co\/index.php\/wp-json\/wp\/v2\/product_tag?post=17199"}],"curies":[{"name":"wp","href":"https:\/\/api.w.org\/{rel}","templated":true}]}}