{"id":17480,"date":"2021-01-14T02:55:05","date_gmt":"2021-01-14T02:55:05","guid":{"rendered":"https:\/\/www.articulosdeseguridad.com.co\/?post_type=product&#038;p=17480"},"modified":"2023-03-13T13:06:52","modified_gmt":"2023-03-13T18:06:52","slug":"monogafas-de-seguridad-galeras-lente-claro-marca-delta","status":"publish","type":"product","link":"https:\/\/www.articulosdeseguridad.com.co\/index.php\/product\/monogafas-de-seguridad-galeras-lente-claro-marca-delta\/","title":{"rendered":"Monogafas De Seguridad Galeras"},"content":{"rendered":"<h2><img fetchpriority=\"high\" decoding=\"async\" class=\"size-medium wp-image-17481 alignleft\" src=\"https:\/\/www.articulosdeseguridad.com.co\/wp-content\/uploads\/2021\/01\/Monogafa-Galeras-Delta-300x275.jpg\" alt=\"\" width=\"300\" height=\"275\" srcset=\"https:\/\/www.articulosdeseguridad.com.co\/wp-content\/uploads\/2021\/01\/Monogafa-Galeras-Delta-300x275.jpg 300w, https:\/\/www.articulosdeseguridad.com.co\/wp-content\/uploads\/2021\/01\/Monogafa-Galeras-Delta-600x550.jpg 600w, https:\/\/www.articulosdeseguridad.com.co\/wp-content\/uploads\/2021\/01\/Monogafa-Galeras-Delta.jpg 720w\" sizes=\"(max-width: 300px) 100vw, 300px\" \/><\/h2>\n<h2>MONOGAFAS DE SEGURIDAD GALERAS<\/h2>\n<p>Gafas de seguridad Galeras cuentan con visi\u00f3n panor\u00e1micas de policarbonato. Ventilaci\u00f3n indirecta. Montura flexible de PVC y nylon. Pantalla panor\u00e1mica. Adaptada a las gafas de vista y a la semim\u00e1scara respiratoria de uso corto. Cuenta con banda el\u00e1stica ajustable.<\/p>\n<p>&nbsp;<\/p>\n","protected":false},"excerpt":{"rendered":"<ul>\n<li>Mejor clase \u00f3ptica<\/li>\n<li>Resistencia a los impactos de energ\u00eda media<\/li>\n<li>Resistencia a los impactos a temperaturas extremas<\/li>\n<li>Resistencia a las salpicaduras de l\u00edquidos<\/li>\n<li>Resistencia a las part\u00edculas de polvo grandes<\/li>\n<li>El\u00e1stico inclinable<\/li>\n<\/ul>\n<p>Ficha T\u00e9cnica<\/p>\n<p><a href=\"https:\/\/www.articulosdeseguridad.com.co\/wp-content\/uploads\/2021\/01\/DELTA-PRODUCT-GALERVI.pdf\" target=\"_blank\" rel=\"noopener\">DELTA-PRODUCT- GALERVI<\/a><\/p>\n","protected":false},"featured_media":17481,"comment_status":"closed","ping_status":"closed","template":"","meta":{"_acf_changed":false},"product_brand":[],"product_cat":[187,97],"product_tag":[508,713],"class_list":{"0":"post-17480","1":"product","2":"type-product","3":"status-publish","4":"has-post-thumbnail","6":"product_cat-monogafas-seguridad","7":"product_cat-proteccion-visual-facial","8":"product_tag-monogafas-de-seguridad","9":"product_tag-ventilacion-indirecta","11":"first","12":"instock","13":"taxable","14":"shipping-taxable","15":"purchasable","16":"product-type-simple"},"acf":[],"aioseo_notices":[],"_links":{"self":[{"href":"https:\/\/www.articulosdeseguridad.com.co\/index.php\/wp-json\/wp\/v2\/product\/17480","targetHints":{"allow":["GET"]}}],"collection":[{"href":"https:\/\/www.articulosdeseguridad.com.co\/index.php\/wp-json\/wp\/v2\/product"}],"about":[{"href":"https:\/\/www.articulosdeseguridad.com.co\/index.php\/wp-json\/wp\/v2\/types\/product"}],"replies":[{"embeddable":true,"href":"https:\/\/www.articulosdeseguridad.com.co\/index.php\/wp-json\/wp\/v2\/comments?post=17480"}],"wp:featuredmedia":[{"embeddable":true,"href":"https:\/\/www.articulosdeseguridad.com.co\/index.php\/wp-json\/wp\/v2\/media\/17481"}],"wp:attachment":[{"href":"https:\/\/www.articulosdeseguridad.com.co\/index.php\/wp-json\/wp\/v2\/media?parent=17480"}],"wp:term":[{"taxonomy":"product_brand","embeddable":true,"href":"https:\/\/www.articulosdeseguridad.com.co\/index.php\/wp-json\/wp\/v2\/product_brand?post=17480"},{"taxonomy":"product_cat","embeddable":true,"href":"https:\/\/www.articulosdeseguridad.com.co\/index.php\/wp-json\/wp\/v2\/product_cat?post=17480"},{"taxonomy":"product_tag","embeddable":true,"href":"https:\/\/www.articulosdeseguridad.com.co\/index.php\/wp-json\/wp\/v2\/product_tag?post=17480"}],"curies":[{"name":"wp","href":"https:\/\/api.w.org\/{rel}","templated":true}]}}