{"id":17710,"date":"2021-02-22T23:52:43","date_gmt":"2021-02-22T23:52:43","guid":{"rendered":"https:\/\/www.articulosdeseguridad.com.co\/?post_type=product&#038;p=17710"},"modified":"2023-03-02T17:48:48","modified_gmt":"2023-03-02T22:48:48","slug":"guante-vaqueta-driver-steelpro-501038","status":"publish","type":"product","link":"https:\/\/www.articulosdeseguridad.com.co\/index.php\/product\/guante-vaqueta-driver-steelpro-501038\/","title":{"rendered":"Guante Vaqueta Driver Steelpro"},"content":{"rendered":"<p><img fetchpriority=\"high\" decoding=\"async\" class=\"size-medium wp-image-17711 alignleft\" src=\"https:\/\/www.articulosdeseguridad.com.co\/wp-content\/uploads\/2021\/02\/Guante-Vaqueta-Driver-Steelpro-300x275.jpg\" alt=\"\" width=\"300\" height=\"275\" srcset=\"https:\/\/www.articulosdeseguridad.com.co\/wp-content\/uploads\/2021\/02\/Guante-Vaqueta-Driver-Steelpro-300x275.jpg 300w, https:\/\/www.articulosdeseguridad.com.co\/wp-content\/uploads\/2021\/02\/Guante-Vaqueta-Driver-Steelpro-600x550.jpg 600w, https:\/\/www.articulosdeseguridad.com.co\/wp-content\/uploads\/2021\/02\/Guante-Vaqueta-Driver-Steelpro.jpg 720w\" sizes=\"(max-width: 300px) 100vw, 300px\" \/><\/p>\n<h1>Guante Vaqueta Driver Steelpro<\/h1>\n<p>El guante de vaqueta marca Steelpro de la l\u00ednea Driver referencia 501038; est\u00e1n elaborados en cuero de B\u00fafalo y son los \u00fanicos guantes de vaqueta certificados con normatividad internacional EN388:2016 para riesgo mec\u00e1nico y EN 420:2003 + A1:2009, ofreciendo altos est\u00e1ndares de calidad. Ideal para trabajos generales que requieran resistencia mec\u00e1nica en aplicaciones secas.<\/p>\n","protected":false},"excerpt":{"rendered":"<ul id=\"product_detail\" class=\"lista-detalle\">\n<li>Guante de protecci\u00f3n en cuero<\/li>\n<li>Fabricado en vaqueta de bufalo color amarillo<\/li>\n<li>Pieza en el dorso de \u00be en carnaza<\/li>\n<li>Pu\u00f1o con resorte y costuras internas reforzadas<\/li>\n<li>Destreza nivel 5<\/li>\n<li>Excelente desempe\u00f1o en seco<\/li>\n<li>Libre de trazas de cromo<\/li>\n<li>EN 388:2016 y EN420<\/li>\n<\/ul>\n<p>Ficha T\u00e9cnica<\/p>\n<p><a href=\"https:\/\/www.articulosdeseguridad.com.co\/wp-content\/uploads\/2021\/02\/Guante-Vaqueta-Driver-Steelpro.pdf\" target=\"_blank\" rel=\"noopener\">Guante-Vaqueta-Driver-Steelpro<\/a><\/p>\n","protected":false},"featured_media":17711,"comment_status":"closed","ping_status":"closed","template":"","meta":{"_acf_changed":false},"product_brand":[],"product_cat":[89,91],"product_tag":[],"class_list":{"0":"post-17710","1":"product","2":"type-product","3":"status-publish","4":"has-post-thumbnail","6":"product_cat-proteccion-manual","7":"product_cat-proteccion-mecanica","9":"first","10":"instock","11":"taxable","12":"shipping-taxable","13":"purchasable","14":"product-type-simple"},"acf":[],"aioseo_notices":[],"_links":{"self":[{"href":"https:\/\/www.articulosdeseguridad.com.co\/index.php\/wp-json\/wp\/v2\/product\/17710","targetHints":{"allow":["GET"]}}],"collection":[{"href":"https:\/\/www.articulosdeseguridad.com.co\/index.php\/wp-json\/wp\/v2\/product"}],"about":[{"href":"https:\/\/www.articulosdeseguridad.com.co\/index.php\/wp-json\/wp\/v2\/types\/product"}],"replies":[{"embeddable":true,"href":"https:\/\/www.articulosdeseguridad.com.co\/index.php\/wp-json\/wp\/v2\/comments?post=17710"}],"wp:featuredmedia":[{"embeddable":true,"href":"https:\/\/www.articulosdeseguridad.com.co\/index.php\/wp-json\/wp\/v2\/media\/17711"}],"wp:attachment":[{"href":"https:\/\/www.articulosdeseguridad.com.co\/index.php\/wp-json\/wp\/v2\/media?parent=17710"}],"wp:term":[{"taxonomy":"product_brand","embeddable":true,"href":"https:\/\/www.articulosdeseguridad.com.co\/index.php\/wp-json\/wp\/v2\/product_brand?post=17710"},{"taxonomy":"product_cat","embeddable":true,"href":"https:\/\/www.articulosdeseguridad.com.co\/index.php\/wp-json\/wp\/v2\/product_cat?post=17710"},{"taxonomy":"product_tag","embeddable":true,"href":"https:\/\/www.articulosdeseguridad.com.co\/index.php\/wp-json\/wp\/v2\/product_tag?post=17710"}],"curies":[{"name":"wp","href":"https:\/\/api.w.org\/{rel}","templated":true}]}}