{"id":17744,"date":"2021-02-25T00:59:08","date_gmt":"2021-02-25T00:59:08","guid":{"rendered":"https:\/\/www.articulosdeseguridad.com.co\/?post_type=product&#038;p=17744"},"modified":"2023-04-03T15:48:31","modified_gmt":"2023-04-03T20:48:31","slug":"faja-lumbar-ergonomica","status":"publish","type":"product","link":"https:\/\/www.articulosdeseguridad.com.co\/index.php\/product\/faja-lumbar-ergonomica\/","title":{"rendered":"Faja Lumbar Ergon\u00f3mica"},"content":{"rendered":"<p><img fetchpriority=\"high\" decoding=\"async\" class=\"size-medium wp-image-17803 alignleft\" src=\"https:\/\/www.articulosdeseguridad.com.co\/wp-content\/uploads\/2021\/02\/faja-lumbar-ergonomica-300x275.jpg\" alt=\"\" width=\"300\" height=\"275\" srcset=\"https:\/\/www.articulosdeseguridad.com.co\/wp-content\/uploads\/2021\/02\/faja-lumbar-ergonomica-300x275.jpg 300w, https:\/\/www.articulosdeseguridad.com.co\/wp-content\/uploads\/2021\/02\/faja-lumbar-ergonomica-600x550.jpg 600w, https:\/\/www.articulosdeseguridad.com.co\/wp-content\/uploads\/2021\/02\/faja-lumbar-ergonomica.jpg 720w\" sizes=\"(max-width: 300px) 100vw, 300px\" \/><\/p>\n<h1>Faja Lumbar Ergon\u00f3mica<\/h1>\n<p>La faja lumbar ergon\u00f3mica, es un elemento que contribuye a la adopci\u00f3n de posturas adecuadas en jornadas de trabajo y no se recomienda ser utilizada como cintur\u00f3n de esfuerzo o como elemento de protecci\u00f3n personal para manejo de cargas a fin de exceder las cargas indicadas por la Ley Colombiana (Hombres 25kg, Mujeres 12,5kg) &#8211; Resoluci\u00f3n 2400 de 1979 Art\u00edculo 392.<\/p>\n","protected":false},"excerpt":{"rendered":"<p>\u2022 Confeccionado con cinta de tejido expandex (poli\u00e9ster 65%\/l\u00e1tex 35%)<br \/>\n\u2022 Refuerzos laterales verticales y doble fleje trasero en PVC para evitar deformaci\u00f3n<br \/>\n\u2022 Banda el\u00e1stica de ajuste de tensi\u00f3n<br \/>\n\u2022 Cinta reflectiva en la espalda l\u00ednea de columna<br \/>\n\u2022 Costuras en nylon de alta resistencia para mayor durabilidad<br \/>\n\u2022 Bandas el\u00e1sticas en espalda y hombros con hebilla para graduaci\u00f3n<br \/>\n\u2022 Minimiza el riesgo en las malas posturas del usuario<br \/>\n\u2022 Dise\u00f1o ergon\u00f3mico<\/p>\n","protected":false},"featured_media":17803,"comment_status":"closed","ping_status":"closed","template":"","meta":{"_acf_changed":false},"product_brand":[],"product_cat":[109,107],"product_tag":[],"class_list":{"0":"post-17744","1":"product","2":"type-product","3":"status-publish","4":"has-post-thumbnail","6":"product_cat-accesorios-corporal","7":"product_cat-proteccion-corporal","9":"first","10":"instock","11":"taxable","12":"shipping-taxable","13":"purchasable","14":"product-type-variable"},"acf":[],"aioseo_notices":[],"_links":{"self":[{"href":"https:\/\/www.articulosdeseguridad.com.co\/index.php\/wp-json\/wp\/v2\/product\/17744","targetHints":{"allow":["GET"]}}],"collection":[{"href":"https:\/\/www.articulosdeseguridad.com.co\/index.php\/wp-json\/wp\/v2\/product"}],"about":[{"href":"https:\/\/www.articulosdeseguridad.com.co\/index.php\/wp-json\/wp\/v2\/types\/product"}],"replies":[{"embeddable":true,"href":"https:\/\/www.articulosdeseguridad.com.co\/index.php\/wp-json\/wp\/v2\/comments?post=17744"}],"wp:featuredmedia":[{"embeddable":true,"href":"https:\/\/www.articulosdeseguridad.com.co\/index.php\/wp-json\/wp\/v2\/media\/17803"}],"wp:attachment":[{"href":"https:\/\/www.articulosdeseguridad.com.co\/index.php\/wp-json\/wp\/v2\/media?parent=17744"}],"wp:term":[{"taxonomy":"product_brand","embeddable":true,"href":"https:\/\/www.articulosdeseguridad.com.co\/index.php\/wp-json\/wp\/v2\/product_brand?post=17744"},{"taxonomy":"product_cat","embeddable":true,"href":"https:\/\/www.articulosdeseguridad.com.co\/index.php\/wp-json\/wp\/v2\/product_cat?post=17744"},{"taxonomy":"product_tag","embeddable":true,"href":"https:\/\/www.articulosdeseguridad.com.co\/index.php\/wp-json\/wp\/v2\/product_tag?post=17744"}],"curies":[{"name":"wp","href":"https:\/\/api.w.org\/{rel}","templated":true}]}}

Faja Lumbar Ergonómica

<p><img fetchpriority="high" decoding="async" class="size-medium wp-image-17803 alignleft" src="https://www.articulosdeseguridad.com.co/wp-content/uploads/2021/02/faja-lumbar-ergonomica-300x275.jpg" alt="" width="300" height="275" srcset="https://www.articulosdeseguridad.com.co/wp-content/uploads/2021/02/faja-lumbar-ergonomica-300x275.jpg 300w, https://www.articulosdeseguridad.com.co/wp-content/uploads/2021/02/faja-lumbar-ergonomica-600x550.jpg 600w, https://www.articulosdeseguridad.com.co/wp-content/uploads/2021/02/faja-lumbar-ergonomica.jpg 720w" sizes="(max-width: 300px) 100vw, 300px" /></p>
<h1>Faja Lumbar Ergonómica</h1>
<p>La faja lumbar ergonómica, es un elemento que contribuye a la adopción de posturas adecuadas en jornadas de trabajo y no se recomienda ser utilizada como cinturón de esfuerzo o como elemento de protección personal para manejo de cargas a fin de exceder las cargas indicadas por la Ley Colombiana (Hombres 25kg, Mujeres 12,5kg) &#8211; Resolución 2400 de 1979 Artículo 392.</p>

<p>• Confeccionado con cinta de tejido expandex (poliéster 65%/látex 35%)<br />
• Refuerzos laterales verticales y doble fleje trasero en PVC para evitar deformación<br />
• Banda elástica de ajuste de tensión<br />
• Cinta reflectiva en la espalda línea de columna<br />
• Costuras en nylon de alta resistencia para mayor durabilidad<br />
• Bandas elásticas en espalda y hombros con hebilla para graduación<br />
• Minimiza el riesgo en las malas posturas del usuario<br />
• Diseño ergonómico</p>
