{"id":17866,"date":"2021-03-11T23:02:39","date_gmt":"2021-03-11T23:02:39","guid":{"rendered":"https:\/\/www.articulosdeseguridad.com.co\/?post_type=product&#038;p=17866"},"modified":"2024-09-10T12:24:38","modified_gmt":"2024-09-10T17:24:38","slug":"guante-ansell-08-354-alphatec","status":"publish","type":"product","link":"https:\/\/www.articulosdeseguridad.com.co\/index.php\/product\/guante-ansell-08-354-alphatec\/","title":{"rendered":"Guante Ansell 08-354 Alphatec"},"content":{"rendered":"<h1><img fetchpriority=\"high\" decoding=\"async\" class=\"size-medium wp-image-17856 alignleft\" src=\"https:\/\/www.articulosdeseguridad.com.co\/wp-content\/uploads\/2021\/03\/guante-ansell-alphatec-08-354-4-300x275.jpg\" alt=\"\" width=\"300\" height=\"275\" srcset=\"https:\/\/www.articulosdeseguridad.com.co\/wp-content\/uploads\/2021\/03\/guante-ansell-alphatec-08-354-4-300x275.jpg 300w, https:\/\/www.articulosdeseguridad.com.co\/wp-content\/uploads\/2021\/03\/guante-ansell-alphatec-08-354-4-600x550.jpg 600w, https:\/\/www.articulosdeseguridad.com.co\/wp-content\/uploads\/2021\/03\/guante-ansell-alphatec-08-354-4.jpg 720w\" sizes=\"(max-width: 300px) 100vw, 300px\" \/>Guante Ansell 08-354 Alphatec<\/h1>\n<p>Guante Ansell 08-354 Alphatec cuenta con un recubrimiento con acabado rugoso hace que la manipulaci\u00f3n de piezas h\u00famedas y resbaladizas sea m\u00e1s f\u00e1cil y m\u00e1s segura. Ofrece buena resistencia qu\u00edmica y aislamiento t\u00e9rmico gracias a su fabricaci\u00f3n en neopreno y flocado interior.<\/p>\n","protected":false},"excerpt":{"rendered":"<ul>\n<li>Guante Ansell 08-354 Alphatec<\/li>\n<li>Totalmente impermeable. Soporte de punto muy suave y sin costuras en la superficie de contacto. Muy confortable, contacto suave con la mano, absorbe la transpiraci\u00f3n y evita la irritaci\u00f3n de la piel.<\/li>\n<li>Agarre firme de objetos mojados. Trabajo m\u00e1s seguro y por tanto mayor productividad.<\/li>\n<li>Excepcional flexibilidad. Manipulaci\u00f3n m\u00e1s confortable, menos fatiga en las manos, es m\u00e1s f\u00e1cil ponerse y quitarse el guante.<\/li>\n<li>Revestimiento de neopreno. Protecci\u00f3n eficaz contra numerosos productos qu\u00edmicos.<\/li>\n<\/ul>\n<p>Ficha T\u00e9cnica<\/p>\n<p><a href=\"https:\/\/www.articulosdeseguridad.com.co\/wp-content\/uploads\/2021\/03\/alphatec-08-354_pds_mx.pdf\" target=\"_blank\" rel=\"noopener\">alphatec-08-354_pds_mx<\/a><\/p>\n","protected":false},"featured_media":17853,"comment_status":"closed","ping_status":"closed","template":"","meta":{"_acf_changed":false},"product_brand":[],"product_cat":[89,144],"product_tag":[470,726,727,725],"class_list":{"0":"post-17866","1":"product","2":"type-product","3":"status-publish","4":"has-post-thumbnail","6":"product_cat-proteccion-manual","7":"product_cat-proteccion-quimica-proteccion-manual","8":"product_tag-ansell","9":"product_tag-guante-alphatec","10":"product_tag-guante-para-quimico","11":"product_tag-guante-scorpio","13":"first","14":"instock","15":"taxable","16":"shipping-taxable","17":"purchasable","18":"product-type-variable"},"acf":[],"aioseo_notices":[],"_links":{"self":[{"href":"https:\/\/www.articulosdeseguridad.com.co\/index.php\/wp-json\/wp\/v2\/product\/17866","targetHints":{"allow":["GET"]}}],"collection":[{"href":"https:\/\/www.articulosdeseguridad.com.co\/index.php\/wp-json\/wp\/v2\/product"}],"about":[{"href":"https:\/\/www.articulosdeseguridad.com.co\/index.php\/wp-json\/wp\/v2\/types\/product"}],"replies":[{"embeddable":true,"href":"https:\/\/www.articulosdeseguridad.com.co\/index.php\/wp-json\/wp\/v2\/comments?post=17866"}],"wp:featuredmedia":[{"embeddable":true,"href":"https:\/\/www.articulosdeseguridad.com.co\/index.php\/wp-json\/wp\/v2\/media\/17853"}],"wp:attachment":[{"href":"https:\/\/www.articulosdeseguridad.com.co\/index.php\/wp-json\/wp\/v2\/media?parent=17866"}],"wp:term":[{"taxonomy":"product_brand","embeddable":true,"href":"https:\/\/www.articulosdeseguridad.com.co\/index.php\/wp-json\/wp\/v2\/product_brand?post=17866"},{"taxonomy":"product_cat","embeddable":true,"href":"https:\/\/www.articulosdeseguridad.com.co\/index.php\/wp-json\/wp\/v2\/product_cat?post=17866"},{"taxonomy":"product_tag","embeddable":true,"href":"https:\/\/www.articulosdeseguridad.com.co\/index.php\/wp-json\/wp\/v2\/product_tag?post=17866"}],"curies":[{"name":"wp","href":"https:\/\/api.w.org\/{rel}","templated":true}]}}