{"id":17984,"date":"2021-03-30T15:24:45","date_gmt":"2021-03-30T15:24:45","guid":{"rendered":"https:\/\/www.articulosdeseguridad.com.co\/?post_type=product&#038;p=17984"},"modified":"2021-03-30T15:25:59","modified_gmt":"2021-03-30T15:25:59","slug":"panos-wypall-x60-rollo-manicure","status":"publish","type":"product","link":"https:\/\/www.articulosdeseguridad.com.co\/index.php\/product\/panos-wypall-x60-rollo-manicure\/","title":{"rendered":"Pa\u00f1os WypAll\u00ae X60 Rollo Manicure"},"content":{"rendered":"<h1><img fetchpriority=\"high\" decoding=\"async\" class=\"size-medium wp-image-17985 alignleft\" src=\"https:\/\/www.articulosdeseguridad.com.co\/wp-content\/uploads\/2021\/03\/Panos-WypAll\u00aeX60-Rollo-Manicure-300x275.jpg\" alt=\"\" width=\"300\" height=\"275\" srcset=\"https:\/\/www.articulosdeseguridad.com.co\/wp-content\/uploads\/2021\/03\/Panos-WypAll\u00aeX60-Rollo-Manicure-300x275.jpg 300w, https:\/\/www.articulosdeseguridad.com.co\/wp-content\/uploads\/2021\/03\/Panos-WypAll\u00aeX60-Rollo-Manicure-600x550.jpg 600w, https:\/\/www.articulosdeseguridad.com.co\/wp-content\/uploads\/2021\/03\/Panos-WypAll\u00aeX60-Rollo-Manicure.jpg 720w\" sizes=\"(max-width: 300px) 100vw, 300px\" \/><span style=\"vertical-align: inherit;\"><span style=\"vertical-align: inherit;\">Manicura Pa\u00f1os WypAll\u00ae X60 Rollo<\/span><\/span><\/h1>\n<p><span style=\"vertical-align: inherit;\"><span style=\"vertical-align: inherit;\">Los pa\u00f1os de limpieza WypAll\u00ae X60 Rollo Manicure ofrecen una alta resistencia y absorci\u00f3n de aceites y l\u00edquidos livianos, * son fabricados con extracto de seda para m\u00e1xima suavidad. <\/span><span style=\"vertical-align: inherit;\">Recomendados para superficies donde se realiza manicure y pedicure. <\/span><span style=\"vertical-align: inherit;\">Adem\u00e1s, nuestros pa\u00f1os cuentan con tecnolog\u00eda Hydroknit &#x2122; y FSC.<\/span><\/span><\/p>\n","protected":false},"excerpt":{"rendered":"<ul>\n<li><span style=\"vertical-align: inherit;\"><span style=\"vertical-align: inherit;\">Contiene 88 pa\u00f1os por rollo<\/span><\/span><\/li>\n<li><span style=\"vertical-align: inherit;\"><span style=\"vertical-align: inherit;\">Producto certificado FSC\u00ae Forest Stewardship Council\u00ae (FSC\u00ae C103572). <\/span><span style=\"vertical-align: inherit;\">Los pa\u00f1os de limpieza WypAll\u00ae est\u00e1n hechos con materias primas de origen forestal de fuentes responsables.<\/span><\/span><\/li>\n<li><span style=\"vertical-align: inherit;\"><span style=\"vertical-align: inherit;\">Referencia 30212249<\/span><\/span><\/li>\n<\/ul>\n","protected":false},"featured_media":17985,"comment_status":"closed","ping_status":"closed","template":"","meta":{"_acf_changed":false},"product_brand":[],"product_cat":[660],"product_tag":[],"class_list":{"0":"post-17984","1":"product","2":"type-product","3":"status-publish","4":"has-post-thumbnail","6":"product_cat-higiene-limpieza","8":"first","9":"instock","10":"taxable","11":"shipping-taxable","12":"product-type-simple"},"acf":[],"aioseo_notices":[],"_links":{"self":[{"href":"https:\/\/www.articulosdeseguridad.com.co\/index.php\/wp-json\/wp\/v2\/product\/17984","targetHints":{"allow":["GET"]}}],"collection":[{"href":"https:\/\/www.articulosdeseguridad.com.co\/index.php\/wp-json\/wp\/v2\/product"}],"about":[{"href":"https:\/\/www.articulosdeseguridad.com.co\/index.php\/wp-json\/wp\/v2\/types\/product"}],"replies":[{"embeddable":true,"href":"https:\/\/www.articulosdeseguridad.com.co\/index.php\/wp-json\/wp\/v2\/comments?post=17984"}],"wp:featuredmedia":[{"embeddable":true,"href":"https:\/\/www.articulosdeseguridad.com.co\/index.php\/wp-json\/wp\/v2\/media\/17985"}],"wp:attachment":[{"href":"https:\/\/www.articulosdeseguridad.com.co\/index.php\/wp-json\/wp\/v2\/media?parent=17984"}],"wp:term":[{"taxonomy":"product_brand","embeddable":true,"href":"https:\/\/www.articulosdeseguridad.com.co\/index.php\/wp-json\/wp\/v2\/product_brand?post=17984"},{"taxonomy":"product_cat","embeddable":true,"href":"https:\/\/www.articulosdeseguridad.com.co\/index.php\/wp-json\/wp\/v2\/product_cat?post=17984"},{"taxonomy":"product_tag","embeddable":true,"href":"https:\/\/www.articulosdeseguridad.com.co\/index.php\/wp-json\/wp\/v2\/product_tag?post=17984"}],"curies":[{"name":"wp","href":"https:\/\/api.w.org\/{rel}","templated":true}]}}