{"id":18038,"date":"2021-04-13T19:58:45","date_gmt":"2021-04-13T19:58:45","guid":{"rendered":"https:\/\/www.articulosdeseguridad.com.co\/?post_type=product&#038;p=18038"},"modified":"2024-07-10T15:03:17","modified_gmt":"2024-07-10T20:03:17","slug":"arnes-multiproposito-4-argollas-delta","status":"publish","type":"product","link":"https:\/\/www.articulosdeseguridad.com.co\/index.php\/product\/arnes-multiproposito-4-argollas-delta\/","title":{"rendered":"ARN\u00c9S MULTIPROP\u00d3SITO 4 ARGOLLAS DELTA"},"content":{"rendered":"<h1><img fetchpriority=\"high\" decoding=\"async\" class=\"size-medium wp-image-17998 alignleft\" src=\"https:\/\/www.articulosdeseguridad.com.co\/wp-content\/uploads\/2021\/03\/arnes-multiproposito-4-argollas-delta-300x275.jpg\" alt=\"\" width=\"300\" height=\"275\" srcset=\"https:\/\/www.articulosdeseguridad.com.co\/wp-content\/uploads\/2021\/03\/arnes-multiproposito-4-argollas-delta-300x275.jpg 300w, https:\/\/www.articulosdeseguridad.com.co\/wp-content\/uploads\/2021\/03\/arnes-multiproposito-4-argollas-delta-600x550.jpg 600w, https:\/\/www.articulosdeseguridad.com.co\/wp-content\/uploads\/2021\/03\/arnes-multiproposito-4-argollas-delta.jpg 720w\" sizes=\"(max-width: 300px) 100vw, 300px\" \/>ARN\u00c9S MULTIPROP\u00d3SITO 4 ARGOLLAS DELTA<\/h1>\n<p>Arn\u00e9s multiprop\u00f3sito 4 argollas delta para trabajo en alturas certificado ANSI Z359.11-2014\u00a0 con 4 puntos de anclaje (1 dorsal, 1 pectoral, 2 laterales). Es un arn\u00e9s liviano en reata de alta resistencia poli\u00e9ster, ajustable con 4 hebillas de regulaci\u00f3n.<\/p>\n<p>Arn\u00e9s de seguridad Referencia WCOHAA14<\/p>\n","protected":false},"excerpt":{"rendered":"<ul>\n<li>Arn\u00e9s de protecci\u00f3n contra ca\u00eddas<\/li>\n<li>Dise\u00f1o en (X)<\/li>\n<li>4 Argollas diel\u00e9ctricas<\/li>\n<li>Hebillas de ajuste<\/li>\n<li>El producto contiene una innovadora tarjeta de identificaci\u00f3n de verificaci\u00f3n anual (tecnologia NFC) que indica : Referencia de producto, N\u00famero de serie, Fecha de fabricaci\u00f3n.<\/li>\n<li>Arn\u00e9s de seguridad certificado Certificado ANSI\/ASSE Z359. 11<\/li>\n<\/ul>\n<p>Ficha T\u00e9cnica<\/p>\n<p><a href=\"https:\/\/www.articulosdeseguridad.com.co\/wp-content\/uploads\/2021\/04\/DELTA-PRODUCT-WCOHAA14_ARNES-MULTIPROPOSITO.pdf\" target=\"_blank\" rel=\"noopener\">DELTA-PRODUCT- WCOHAA14_ARN\u00c9S MULTIPROPOSITO<\/a><\/p>\n","protected":false},"featured_media":17998,"comment_status":"closed","ping_status":"closed","template":"","meta":{"_acf_changed":false},"product_brand":[],"product_cat":[142,226],"product_tag":[],"class_list":{"0":"post-18038","1":"product","2":"type-product","3":"status-publish","4":"has-post-thumbnail","6":"product_cat-arneses-multproposito","7":"product_cat-proteccion-contra-caidas","9":"first","10":"instock","11":"taxable","12":"shipping-taxable","13":"purchasable","14":"product-type-simple"},"acf":[],"aioseo_notices":[],"_links":{"self":[{"href":"https:\/\/www.articulosdeseguridad.com.co\/index.php\/wp-json\/wp\/v2\/product\/18038","targetHints":{"allow":["GET"]}}],"collection":[{"href":"https:\/\/www.articulosdeseguridad.com.co\/index.php\/wp-json\/wp\/v2\/product"}],"about":[{"href":"https:\/\/www.articulosdeseguridad.com.co\/index.php\/wp-json\/wp\/v2\/types\/product"}],"replies":[{"embeddable":true,"href":"https:\/\/www.articulosdeseguridad.com.co\/index.php\/wp-json\/wp\/v2\/comments?post=18038"}],"wp:featuredmedia":[{"embeddable":true,"href":"https:\/\/www.articulosdeseguridad.com.co\/index.php\/wp-json\/wp\/v2\/media\/17998"}],"wp:attachment":[{"href":"https:\/\/www.articulosdeseguridad.com.co\/index.php\/wp-json\/wp\/v2\/media?parent=18038"}],"wp:term":[{"taxonomy":"product_brand","embeddable":true,"href":"https:\/\/www.articulosdeseguridad.com.co\/index.php\/wp-json\/wp\/v2\/product_brand?post=18038"},{"taxonomy":"product_cat","embeddable":true,"href":"https:\/\/www.articulosdeseguridad.com.co\/index.php\/wp-json\/wp\/v2\/product_cat?post=18038"},{"taxonomy":"product_tag","embeddable":true,"href":"https:\/\/www.articulosdeseguridad.com.co\/index.php\/wp-json\/wp\/v2\/product_tag?post=18038"}],"curies":[{"name":"wp","href":"https:\/\/api.w.org\/{rel}","templated":true}]}}