{"id":18121,"date":"2021-04-15T03:44:16","date_gmt":"2021-04-15T03:44:16","guid":{"rendered":"https:\/\/www.articulosdeseguridad.com.co\/?post_type=product&#038;p=18121"},"modified":"2021-04-15T04:07:40","modified_gmt":"2021-04-15T04:07:40","slug":"bota-machita-blanca-croydon","status":"publish","type":"product","link":"https:\/\/www.articulosdeseguridad.com.co\/index.php\/product\/bota-machita-blanca-croydon\/","title":{"rendered":"BOTA MACHITA BLANCA"},"content":{"rendered":"<p><img fetchpriority=\"high\" decoding=\"async\" class=\"size-medium wp-image-18122 alignleft\" src=\"https:\/\/www.articulosdeseguridad.com.co\/wp-content\/uploads\/2021\/04\/BOTA_MACHITA_BLANCA-300x275.jpg\" alt=\"\" width=\"300\" height=\"275\" srcset=\"https:\/\/www.articulosdeseguridad.com.co\/wp-content\/uploads\/2021\/04\/BOTA_MACHITA_BLANCA-300x275.jpg 300w, https:\/\/www.articulosdeseguridad.com.co\/wp-content\/uploads\/2021\/04\/BOTA_MACHITA_BLANCA-600x550.jpg 600w, https:\/\/www.articulosdeseguridad.com.co\/wp-content\/uploads\/2021\/04\/BOTA_MACHITA_BLANCA.jpg 720w\" sizes=\"(max-width: 300px) 100vw, 300px\" \/><\/p>\n<h1 class=\"product_title entry-title\">BOTA MACHITA BLANCA<\/h1>\n<p>Resistente al riesgo el\u00e9ctrico. 100% impermeable. Dise\u00f1ada para las labores de la industria pisc\u00edcola, pesca deportiva, la agricultura, la floricultura y servicios generales. Elaborada en PVC para mayor durabilidad. suela que permite el agarre sobre superficies que brindar\u00e1 seguridad en cada paso, y flexibilidad que dejar\u00e1 que tu pie se adapte a diferentes escenarios y condiciones.<\/p>\n","protected":false},"excerpt":{"rendered":"<ul>\n<li>Resistente al riesgo el\u00e9ctrico<\/li>\n<li>Impermeable<\/li>\n<li>Labrado profundo para mayor agarre<\/li>\n<\/ul>\n<p>Ficha T\u00e9cnica<\/p>\n<p><a href=\"https:\/\/www.articulosdeseguridad.com.co\/wp-content\/uploads\/2021\/04\/A-MACHITA-BLANCA-1.pdf\" target=\"_blank\" rel=\"noopener\">A-MACHITA-BLANCA-1<\/a><\/p>\n","protected":false},"featured_media":18122,"comment_status":"closed","ping_status":"closed","template":"","meta":{"_acf_changed":false},"product_brand":[],"product_cat":[120,121],"product_tag":[],"class_list":{"0":"post-18121","1":"product","2":"type-product","3":"status-publish","4":"has-post-thumbnail","6":"product_cat-calzado-seguridad","7":"product_cat-linea-pvc-botas","8":"pa_talla-botas-531","9":"pa_talla-botas-532","10":"pa_talla-botas-533","11":"pa_talla-botas-534","12":"pa_talla-botas-535","13":"pa_talla-botas-536","15":"first","16":"instock","17":"taxable","18":"shipping-taxable","19":"product-type-variable"},"acf":[],"aioseo_notices":[],"_links":{"self":[{"href":"https:\/\/www.articulosdeseguridad.com.co\/index.php\/wp-json\/wp\/v2\/product\/18121","targetHints":{"allow":["GET"]}}],"collection":[{"href":"https:\/\/www.articulosdeseguridad.com.co\/index.php\/wp-json\/wp\/v2\/product"}],"about":[{"href":"https:\/\/www.articulosdeseguridad.com.co\/index.php\/wp-json\/wp\/v2\/types\/product"}],"replies":[{"embeddable":true,"href":"https:\/\/www.articulosdeseguridad.com.co\/index.php\/wp-json\/wp\/v2\/comments?post=18121"}],"wp:featuredmedia":[{"embeddable":true,"href":"https:\/\/www.articulosdeseguridad.com.co\/index.php\/wp-json\/wp\/v2\/media\/18122"}],"wp:attachment":[{"href":"https:\/\/www.articulosdeseguridad.com.co\/index.php\/wp-json\/wp\/v2\/media?parent=18121"}],"wp:term":[{"taxonomy":"product_brand","embeddable":true,"href":"https:\/\/www.articulosdeseguridad.com.co\/index.php\/wp-json\/wp\/v2\/product_brand?post=18121"},{"taxonomy":"product_cat","embeddable":true,"href":"https:\/\/www.articulosdeseguridad.com.co\/index.php\/wp-json\/wp\/v2\/product_cat?post=18121"},{"taxonomy":"product_tag","embeddable":true,"href":"https:\/\/www.articulosdeseguridad.com.co\/index.php\/wp-json\/wp\/v2\/product_tag?post=18121"}],"curies":[{"name":"wp","href":"https:\/\/api.w.org\/{rel}","templated":true}]}}