{"id":18355,"date":"2021-09-08T14:48:11","date_gmt":"2021-09-08T14:48:11","guid":{"rendered":"https:\/\/www.articulosdeseguridad.com.co\/?post_type=product&#038;p=18355"},"modified":"2024-09-06T11:48:30","modified_gmt":"2024-09-06T16:48:30","slug":"capucha-aluminizada-para-altas-temperaturas","status":"publish","type":"product","link":"https:\/\/www.articulosdeseguridad.com.co\/index.php\/product\/capucha-aluminizada-para-altas-temperaturas\/","title":{"rendered":"Capucha Aluminizada Para Altas Temperaturas"},"content":{"rendered":"<h1><img fetchpriority=\"high\" decoding=\"async\" class=\"size-medium wp-image-18357 alignleft\" src=\"https:\/\/www.articulosdeseguridad.com.co\/wp-content\/uploads\/2021\/09\/Capucha-Aluminizada-marca-delta-300x275.jpg\" alt=\"\" width=\"300\" height=\"275\" srcset=\"https:\/\/www.articulosdeseguridad.com.co\/wp-content\/uploads\/2021\/09\/Capucha-Aluminizada-marca-delta-300x275.jpg 300w, https:\/\/www.articulosdeseguridad.com.co\/wp-content\/uploads\/2021\/09\/Capucha-Aluminizada-marca-delta-600x550.jpg 600w, https:\/\/www.articulosdeseguridad.com.co\/wp-content\/uploads\/2021\/09\/Capucha-Aluminizada-marca-delta.jpg 720w\" sizes=\"(max-width: 300px) 100vw, 300px\" \/> Capucha Aluminizada Para Altas Temperaturas<\/h1>\n<p>La capucha aluminizada para altas temperaturas marca DELTA, est\u00e1 fabricada en PARA-ARAMIDA y PREOX ALUMINIZADO. Cuenta con gran nivel de resistencia ante el calor y proyecci\u00f3n de particuladas. Cuenta con sistema de ajuste para la cabeza y ventilaci\u00f3n lateral.<\/p>\n<p>Visor se vende por separado.<\/p>\n","protected":false},"excerpt":{"rendered":"<ul>\n<li>Capucha Aluminizada Para Altas Temperaturas<\/li>\n<li>Agujero laterales para f\u00e1cil ventilaci\u00f3n<\/li>\n<li>Cabezal ajustable<\/li>\n<li>Visor intercambiable<\/li>\n<li>Alta Resistencia cal\u00f3rica<\/li>\n<\/ul>\n<p><a href=\"https:\/\/www.articulosdeseguridad.com.co\/wp-content\/uploads\/2021\/09\/FICHA-TECNICA-CAPUCHA-ALUMINIZADO-DELTA.pdf\" target=\"_blank\" rel=\"noopener\">FICHA TECNICA CAPUCHA ALUMINIZADO DELTA<\/a><\/p>\n","protected":false},"featured_media":18357,"comment_status":"closed","ping_status":"closed","template":"","meta":{"_acf_changed":false},"product_brand":[],"product_cat":[161,107,162],"product_tag":[746],"class_list":{"0":"post-18355","1":"product","2":"type-product","3":"status-publish","4":"has-post-thumbnail","6":"product_cat-cascos-aluminizados","7":"product_cat-proteccion-corporal","8":"product_cat-trajes-aluminizados","9":"product_tag-capucha-aluminizada-para-altas-temperaturas","11":"first","12":"onbackorder","13":"taxable","14":"shipping-taxable","15":"purchasable","16":"product-type-simple"},"acf":[],"aioseo_notices":[],"_links":{"self":[{"href":"https:\/\/www.articulosdeseguridad.com.co\/index.php\/wp-json\/wp\/v2\/product\/18355","targetHints":{"allow":["GET"]}}],"collection":[{"href":"https:\/\/www.articulosdeseguridad.com.co\/index.php\/wp-json\/wp\/v2\/product"}],"about":[{"href":"https:\/\/www.articulosdeseguridad.com.co\/index.php\/wp-json\/wp\/v2\/types\/product"}],"replies":[{"embeddable":true,"href":"https:\/\/www.articulosdeseguridad.com.co\/index.php\/wp-json\/wp\/v2\/comments?post=18355"}],"wp:featuredmedia":[{"embeddable":true,"href":"https:\/\/www.articulosdeseguridad.com.co\/index.php\/wp-json\/wp\/v2\/media\/18357"}],"wp:attachment":[{"href":"https:\/\/www.articulosdeseguridad.com.co\/index.php\/wp-json\/wp\/v2\/media?parent=18355"}],"wp:term":[{"taxonomy":"product_brand","embeddable":true,"href":"https:\/\/www.articulosdeseguridad.com.co\/index.php\/wp-json\/wp\/v2\/product_brand?post=18355"},{"taxonomy":"product_cat","embeddable":true,"href":"https:\/\/www.articulosdeseguridad.com.co\/index.php\/wp-json\/wp\/v2\/product_cat?post=18355"},{"taxonomy":"product_tag","embeddable":true,"href":"https:\/\/www.articulosdeseguridad.com.co\/index.php\/wp-json\/wp\/v2\/product_tag?post=18355"}],"curies":[{"name":"wp","href":"https:\/\/api.w.org\/{rel}","templated":true}]}}