{"id":18648,"date":"2022-10-12T21:02:45","date_gmt":"2022-10-13T02:02:45","guid":{"rendered":"https:\/\/www.articulosdeseguridad.com.co\/?post_type=product&#038;p=18648"},"modified":"2024-06-19T20:53:11","modified_gmt":"2024-06-20T01:53:11","slug":"casco-de-seguridad-dielectrico-fura","status":"publish","type":"product","link":"https:\/\/www.articulosdeseguridad.com.co\/index.php\/product\/casco-de-seguridad-dielectrico-fura\/","title":{"rendered":"Casco de Seguridad Diel\u00e9ctrico Fura"},"content":{"rendered":"<h2><img fetchpriority=\"high\" decoding=\"async\" class=\"size-medium wp-image-18649 alignleft\" src=\"https:\/\/www.articulosdeseguridad.com.co\/wp-content\/uploads\/2022\/10\/Casco-dielectrico-fura-delta-plus-amarillo-300x275.jpg\" alt=\"\" width=\"300\" height=\"275\" srcset=\"https:\/\/www.articulosdeseguridad.com.co\/wp-content\/uploads\/2022\/10\/Casco-dielectrico-fura-delta-plus-amarillo-300x275.jpg 300w, https:\/\/www.articulosdeseguridad.com.co\/wp-content\/uploads\/2022\/10\/Casco-dielectrico-fura-delta-plus-amarillo-600x550.jpg 600w, https:\/\/www.articulosdeseguridad.com.co\/wp-content\/uploads\/2022\/10\/Casco-dielectrico-fura-delta-plus-amarillo.jpg 720w\" sizes=\"(max-width: 300px) 100vw, 300px\" \/>Casco de Seguridad Diel\u00e9ctrico Fura<\/h2>\n<p>Casco de seguridad diel\u00e9ctrico Fura, marca Delta Plus, est\u00e1 fabricado en pol\u00edmero de alto impacto. Dise\u00f1o robusto de alta durabilidad que cuenta con un sistema de ajuste r\u00e1pido tipo ratchet. Tambi\u00e9n permite ensamblar un barbuquejo de 3 y 4 puntos. Cuenta con slots para el ensamble de protecci\u00f3n auditiva y certificaci\u00f3n ANSI-ISEA Z89.1:2014.<\/p>\n","protected":false},"excerpt":{"rendered":"<ul>\n<li>Casco de Seguridad Diel\u00e9ctrico Fura<\/li>\n<li>Tipo I Clase E&amp;G<\/li>\n<li>Fabricado en Pol\u00edmero de alto impacto.<\/li>\n<li>Sistema de ajuste tipo ratchet ecualizable, ajustable desde los 55 cm a 63 cm de contorno de cabeza.<\/li>\n<li>Soporte para inserci\u00f3n de protector tipo copa universal.<\/li>\n<li>Permite ensamblar barbuquejo de 3 o 4 puntos.<\/li>\n<li>Suspensi\u00f3n interior de 3 bandas textiles (poliamida) con 8 puntos de anclaje al casquete.<\/li>\n<li>Casco dise\u00f1ado para reducir la fuerza de impacto y la penetraci\u00f3n en caso de un golpe \u00fanicamente en la parte superior de la cabeza.<\/li>\n<li>Clase E dise\u00f1ado para reducir el peligro de contacto con conductores de alto voltaje.<\/li>\n<li>Contiene banda antisudor para mejor comodidad del usuario.<\/li>\n<\/ul>\n<p>Ficha T\u00e9cnica<\/p>\n<p><a href=\"https:\/\/www.articulosdeseguridad.com.co\/wp-content\/uploads\/2022\/10\/DELTA-PRODUCT-FURA-RATCHET-WCOASP1R14.pdf\" target=\"_blank\" rel=\"noopener\">DELTA-PRODUCT- FURA RATCHET WCOASP1R14<\/a><\/p>\n","protected":false},"featured_media":18649,"comment_status":"closed","ping_status":"closed","template":"","meta":{"_acf_changed":false},"product_brand":[],"product_cat":[163,94],"product_tag":[],"class_list":{"0":"post-18648","1":"product","2":"type-product","3":"status-publish","4":"has-post-thumbnail","6":"product_cat-caso-tipo-i","7":"product_cat-proteccion-cabeza","9":"first","10":"instock","11":"taxable","12":"shipping-taxable","13":"purchasable","14":"product-type-variable"},"acf":[],"aioseo_notices":[],"_links":{"self":[{"href":"https:\/\/www.articulosdeseguridad.com.co\/index.php\/wp-json\/wp\/v2\/product\/18648","targetHints":{"allow":["GET"]}}],"collection":[{"href":"https:\/\/www.articulosdeseguridad.com.co\/index.php\/wp-json\/wp\/v2\/product"}],"about":[{"href":"https:\/\/www.articulosdeseguridad.com.co\/index.php\/wp-json\/wp\/v2\/types\/product"}],"replies":[{"embeddable":true,"href":"https:\/\/www.articulosdeseguridad.com.co\/index.php\/wp-json\/wp\/v2\/comments?post=18648"}],"wp:featuredmedia":[{"embeddable":true,"href":"https:\/\/www.articulosdeseguridad.com.co\/index.php\/wp-json\/wp\/v2\/media\/18649"}],"wp:attachment":[{"href":"https:\/\/www.articulosdeseguridad.com.co\/index.php\/wp-json\/wp\/v2\/media?parent=18648"}],"wp:term":[{"taxonomy":"product_brand","embeddable":true,"href":"https:\/\/www.articulosdeseguridad.com.co\/index.php\/wp-json\/wp\/v2\/product_brand?post=18648"},{"taxonomy":"product_cat","embeddable":true,"href":"https:\/\/www.articulosdeseguridad.com.co\/index.php\/wp-json\/wp\/v2\/product_cat?post=18648"},{"taxonomy":"product_tag","embeddable":true,"href":"https:\/\/www.articulosdeseguridad.com.co\/index.php\/wp-json\/wp\/v2\/product_tag?post=18648"}],"curies":[{"name":"wp","href":"https:\/\/api.w.org\/{rel}","templated":true}]}}