{"id":18827,"date":"2023-08-17T11:36:20","date_gmt":"2023-08-17T16:36:20","guid":{"rendered":"https:\/\/www.articulosdeseguridad.com.co\/?post_type=product&#038;p=18827"},"modified":"2023-08-17T18:01:20","modified_gmt":"2023-08-17T23:01:20","slug":"protector-auditivo-de-insercion-en-caja","status":"publish","type":"product","link":"https:\/\/www.articulosdeseguridad.com.co\/index.php\/product\/protector-auditivo-de-insercion-en-caja\/","title":{"rendered":"PROTECTOR AUDITIVO DE INSERCI\u00d3N EN CAJA"},"content":{"rendered":"<h2><img fetchpriority=\"high\" decoding=\"async\" class=\"size-medium wp-image-18829 alignleft\" src=\"https:\/\/www.articulosdeseguridad.com.co\/wp-content\/uploads\/2023\/08\/Protector-Auditivo-P500-300x300.png\" alt=\"\" width=\"300\" height=\"300\" srcset=\"https:\/\/www.articulosdeseguridad.com.co\/wp-content\/uploads\/2023\/08\/Protector-Auditivo-P500-300x300.png 300w, https:\/\/www.articulosdeseguridad.com.co\/wp-content\/uploads\/2023\/08\/Protector-Auditivo-P500-150x150.png 150w, https:\/\/www.articulosdeseguridad.com.co\/wp-content\/uploads\/2023\/08\/Protector-Auditivo-P500-768x768.png 768w, https:\/\/www.articulosdeseguridad.com.co\/wp-content\/uploads\/2023\/08\/Protector-Auditivo-P500-600x600.png 600w, https:\/\/www.articulosdeseguridad.com.co\/wp-content\/uploads\/2023\/08\/Protector-Auditivo-P500-100x100.png 100w, https:\/\/www.articulosdeseguridad.com.co\/wp-content\/uploads\/2023\/08\/Protector-Auditivo-P500.png 800w\" sizes=\"(max-width: 300px) 100vw, 300px\" \/> PROTECTOR AUDITIVO DE INSERCI\u00d3N EN CAJA<\/h2>\n<p>Protector auditivo de inserci\u00f3n en caja reutilizable. Dise\u00f1o de 4 membranas para mayor protecci\u00f3n y comodidad. 27 dB (NRR). Fabricada bajo los par\u00e1metros de las normas:<br \/>\nANSI S3.19 -1974.<\/p>\n","protected":false},"excerpt":{"rendered":"<ul>\n<li>Protector auditivo de inserci\u00f3n en caja<\/li>\n<li>Dise\u00f1o anat\u00f3mico de (4 membranas)<\/li>\n<li>Textura suave para permitir su inserci\u00f3n en el canal auditivo.<\/li>\n<li>Nivel de Reducci\u00f3n del Ruido : 27 dB (NRR).<\/li>\n<li>Con cord\u00f3n y estuche de almacenamiento (tipo llavero)<\/li>\n<li>Color Verde-naranja de alta visibilidad.<\/li>\n<li>ANSI S3.19 -1974<\/li>\n<\/ul>\n<p>Ficha T\u00e9cnica<\/p>\n<p><a href=\"https:\/\/www.articulosdeseguridad.com.co\/wp-content\/uploads\/2023\/08\/DELTA-PRODUCT-AUDITIVO-INSERCION-CAJA-WCOASPP500_-2.pdf\" target=\"_blank\" rel=\"noopener\">DELTA-PRODUCT- AUDITIVO INSERCI\u00d3N CAJA-WCOASPP500_ (2)<\/a><\/p>\n","protected":false},"featured_media":18829,"comment_status":"closed","ping_status":"closed","template":"","meta":{"_acf_changed":false},"product_brand":[],"product_cat":[103,104],"product_tag":[],"class_list":{"0":"post-18827","1":"product","2":"type-product","3":"status-publish","4":"has-post-thumbnail","6":"product_cat-auditivos-reutilizables","7":"product_cat-proteccion-auditiva","9":"first","10":"instock","11":"taxable","12":"shipping-taxable","13":"purchasable","14":"product-type-simple"},"acf":[],"aioseo_notices":[],"_links":{"self":[{"href":"https:\/\/www.articulosdeseguridad.com.co\/index.php\/wp-json\/wp\/v2\/product\/18827","targetHints":{"allow":["GET"]}}],"collection":[{"href":"https:\/\/www.articulosdeseguridad.com.co\/index.php\/wp-json\/wp\/v2\/product"}],"about":[{"href":"https:\/\/www.articulosdeseguridad.com.co\/index.php\/wp-json\/wp\/v2\/types\/product"}],"replies":[{"embeddable":true,"href":"https:\/\/www.articulosdeseguridad.com.co\/index.php\/wp-json\/wp\/v2\/comments?post=18827"}],"wp:featuredmedia":[{"embeddable":true,"href":"https:\/\/www.articulosdeseguridad.com.co\/index.php\/wp-json\/wp\/v2\/media\/18829"}],"wp:attachment":[{"href":"https:\/\/www.articulosdeseguridad.com.co\/index.php\/wp-json\/wp\/v2\/media?parent=18827"}],"wp:term":[{"taxonomy":"product_brand","embeddable":true,"href":"https:\/\/www.articulosdeseguridad.com.co\/index.php\/wp-json\/wp\/v2\/product_brand?post=18827"},{"taxonomy":"product_cat","embeddable":true,"href":"https:\/\/www.articulosdeseguridad.com.co\/index.php\/wp-json\/wp\/v2\/product_cat?post=18827"},{"taxonomy":"product_tag","embeddable":true,"href":"https:\/\/www.articulosdeseguridad.com.co\/index.php\/wp-json\/wp\/v2\/product_tag?post=18827"}],"curies":[{"name":"wp","href":"https:\/\/api.w.org\/{rel}","templated":true}]}}