{"id":19113,"date":"2024-10-31T12:47:10","date_gmt":"2024-10-31T17:47:10","guid":{"rendered":"https:\/\/www.articulosdeseguridad.com.co\/?post_type=product&#038;p=19113"},"modified":"2024-11-08T04:31:52","modified_gmt":"2024-11-08T09:31:52","slug":"guante-de-impacto-bg191-corte-5-shark-max","status":"publish","type":"product","link":"https:\/\/www.articulosdeseguridad.com.co\/index.php\/product\/guante-de-impacto-bg191-corte-5-shark-max\/","title":{"rendered":"Guante de Impacto BG191 Corte 5"},"content":{"rendered":"<h1><img fetchpriority=\"high\" decoding=\"async\" class=\"size-medium wp-image-19151 alignleft\" src=\"https:\/\/www.articulosdeseguridad.com.co\/wp-content\/uploads\/2024\/10\/GUANTE-IMPACTO-CORTE5-BOYUAN-Max-BG191-3-300x275.jpg\" alt=\"\" width=\"300\" height=\"275\" srcset=\"https:\/\/www.articulosdeseguridad.com.co\/wp-content\/uploads\/2024\/10\/GUANTE-IMPACTO-CORTE5-BOYUAN-Max-BG191-3-300x275.jpg 300w, https:\/\/www.articulosdeseguridad.com.co\/wp-content\/uploads\/2024\/10\/GUANTE-IMPACTO-CORTE5-BOYUAN-Max-BG191-3-600x550.jpg 600w, https:\/\/www.articulosdeseguridad.com.co\/wp-content\/uploads\/2024\/10\/GUANTE-IMPACTO-CORTE5-BOYUAN-Max-BG191-3.jpg 720w\" sizes=\"(max-width: 300px) 100vw, 300px\" \/>Guante de Impacto BG191 Corte 5<\/h1>\n<p>Guante de Impacto BG191 Corte 5, dise\u00f1ado con tecnolog\u00eda TPR para m\u00e1xima protecci\u00f3n, Excelente Agarre gracias a su espuma de nitrilo para un agarre superior en condiciones h\u00famedas y secas. Dise\u00f1o transpirable que reduce la fatiga, con correa de velcro para un ajuste seguro.<\/p>\n","protected":false},"excerpt":{"rendered":"<ul>\n<li>Resistencia al corte Nivel 5<\/li>\n<li>Guante Anti Impacto ANSI-ISEA 138:2019<\/li>\n<li>Soporte interior de punto de galga 13 para un perfecto ajuste<\/li>\n<li>Nivel al corte A4 ANSI<\/li>\n<li>Cubierta de Nitrilo esponjoso para un excelente agarre en seco y en mojado<\/li>\n<li>Refuerzos flexibles en los dedos<\/li>\n<li>Libre de fibras de vidrio y acero<\/li>\n<\/ul>\n<p>Ficha T\u00e9cnica<\/p>\n<p><a href=\"https:\/\/www.articulosdeseguridad.com.co\/wp-content\/uploads\/2024\/10\/Guante-Impacto-Corte-BG191-MAX-1.pdf\" target=\"_blank\" rel=\"noopener\">Guante Impacto Corte BG191 MAX (1)<\/a><\/p>\n","protected":false},"featured_media":19154,"comment_status":"closed","ping_status":"closed","template":"","meta":{"_acf_changed":false},"product_brand":[],"product_cat":[114,89,91],"product_tag":[],"class_list":{"0":"post-19113","1":"product","2":"type-product","3":"status-publish","4":"has-post-thumbnail","6":"product_cat-proteccion-corte","7":"product_cat-proteccion-manual","8":"product_cat-proteccion-mecanica","10":"first","11":"instock","12":"taxable","13":"shipping-taxable","14":"purchasable","15":"product-type-variable","16":"has-default-attributes"},"acf":[],"aioseo_notices":[],"_links":{"self":[{"href":"https:\/\/www.articulosdeseguridad.com.co\/index.php\/wp-json\/wp\/v2\/product\/19113","targetHints":{"allow":["GET"]}}],"collection":[{"href":"https:\/\/www.articulosdeseguridad.com.co\/index.php\/wp-json\/wp\/v2\/product"}],"about":[{"href":"https:\/\/www.articulosdeseguridad.com.co\/index.php\/wp-json\/wp\/v2\/types\/product"}],"replies":[{"embeddable":true,"href":"https:\/\/www.articulosdeseguridad.com.co\/index.php\/wp-json\/wp\/v2\/comments?post=19113"}],"wp:featuredmedia":[{"embeddable":true,"href":"https:\/\/www.articulosdeseguridad.com.co\/index.php\/wp-json\/wp\/v2\/media\/19154"}],"wp:attachment":[{"href":"https:\/\/www.articulosdeseguridad.com.co\/index.php\/wp-json\/wp\/v2\/media?parent=19113"}],"wp:term":[{"taxonomy":"product_brand","embeddable":true,"href":"https:\/\/www.articulosdeseguridad.com.co\/index.php\/wp-json\/wp\/v2\/product_brand?post=19113"},{"taxonomy":"product_cat","embeddable":true,"href":"https:\/\/www.articulosdeseguridad.com.co\/index.php\/wp-json\/wp\/v2\/product_cat?post=19113"},{"taxonomy":"product_tag","embeddable":true,"href":"https:\/\/www.articulosdeseguridad.com.co\/index.php\/wp-json\/wp\/v2\/product_tag?post=19113"}],"curies":[{"name":"wp","href":"https:\/\/api.w.org\/{rel}","templated":true}]}}