{"id":2613,"date":"2016-03-17T08:11:38","date_gmt":"2016-03-17T08:11:38","guid":{"rendered":"https:\/\/demo2.chethemes.com\/electro\/?post_type=product&#038;p=2613"},"modified":"2025-04-10T04:35:21","modified_gmt":"2025-04-10T09:35:21","slug":"traje-tyvek-chf5-dupont","status":"publish","type":"product","link":"https:\/\/www.articulosdeseguridad.com.co\/index.php\/product\/traje-tyvek-chf5-dupont\/","title":{"rendered":"Traje Tyvek CHF5 Dupont"},"content":{"rendered":"<p><img fetchpriority=\"high\" decoding=\"async\" class=\"size-medium wp-image-7759 alignleft\" src=\"http:\/\/www.articulosdeseguridad.com.co\/wp-content\/uploads\/2016\/03\/TyvekCF5H-W3-300x275.jpg\" alt=\"\" width=\"300\" height=\"275\" srcset=\"https:\/\/www.articulosdeseguridad.com.co\/wp-content\/uploads\/2016\/03\/TyvekCF5H-W3-300x275.jpg 300w, https:\/\/www.articulosdeseguridad.com.co\/wp-content\/uploads\/2016\/03\/TyvekCF5H-W3-600x550.jpg 600w, https:\/\/www.articulosdeseguridad.com.co\/wp-content\/uploads\/2016\/03\/TyvekCF5H-W3.jpg 720w\" sizes=\"(max-width: 300px) 100vw, 300px\" \/><\/p>\n<h1>Tyvek\u00ae Classic CHF5<\/h1>\n<p>Traje Tyvek CHF5 Dupont fue dise\u00f1ado para proteger a los usuarios de sustancias contaminantes o bien proteger a productos y procesos sensibles de la contaminaci\u00f3n producidas por las personas. Son utilizados para protecci\u00f3n contra part\u00edculas y salpicaduras ligeras de l\u00edquidos, dependiendo del nivel de toxicidad qu\u00edmica y las condiciones de exposici\u00f3n.<\/p>\n<p>&nbsp;<\/p>\n","protected":false},"excerpt":{"rendered":"<ul>\n<li>Exposici\u00f3n a part\u00edculas extremadamente finas, aerosoles o spray y salpicaduras l\u00edquidas<\/li>\n<li>Brindan una barrera liviana e inherente de protecci\u00f3n contra part\u00edculas secas y aerosoles<\/li>\n<li>Son adecuados para trabajadores industriales en una variedad de aplicaciones<\/li>\n<li>Costuras internas cosidas. El\u00e1stico en mu\u00f1ecas, tobillos y cara. Cintura el\u00e1stica (pegada). Cremallera de Tyvek\u00ae y solapa. Color Blanco.<\/li>\n<\/ul>\n<p>Ficha T\u00e9cnica<\/p>\n<p><a href=\"http:\/\/www.articulosdeseguridad.com.co\/wp-content\/uploads\/2016\/03\/tyvek-classic-plus-CHF5.pdf\" target=\"_blank\" rel=\"noopener\">tyvek classic plus CHF5<\/a><\/p>\n","protected":false},"featured_media":7759,"comment_status":"open","ping_status":"closed","template":"","meta":{"_acf_changed":false},"product_brand":[],"product_cat":[150,107,154],"product_tag":[279,347,362,363,773],"class_list":{"0":"post-2613","1":"product","2":"type-product","3":"status-publish","4":"has-post-thumbnail","6":"product_cat-material-particulado","7":"product_cat-proteccion-corporal","8":"product_cat-resistencia-quimica","9":"product_tag-dupont","10":"product_tag-material-particulado","11":"product_tag-proteccion-corporal","12":"product_tag-traje-tyvek","13":"product_tag-traje-tyvek-chf5","15":"first","16":"instock","17":"taxable","18":"shipping-taxable","19":"purchasable","20":"product-type-variable"},"acf":[],"aioseo_notices":[],"_links":{"self":[{"href":"https:\/\/www.articulosdeseguridad.com.co\/index.php\/wp-json\/wp\/v2\/product\/2613","targetHints":{"allow":["GET"]}}],"collection":[{"href":"https:\/\/www.articulosdeseguridad.com.co\/index.php\/wp-json\/wp\/v2\/product"}],"about":[{"href":"https:\/\/www.articulosdeseguridad.com.co\/index.php\/wp-json\/wp\/v2\/types\/product"}],"replies":[{"embeddable":true,"href":"https:\/\/www.articulosdeseguridad.com.co\/index.php\/wp-json\/wp\/v2\/comments?post=2613"}],"wp:featuredmedia":[{"embeddable":true,"href":"https:\/\/www.articulosdeseguridad.com.co\/index.php\/wp-json\/wp\/v2\/media\/7759"}],"wp:attachment":[{"href":"https:\/\/www.articulosdeseguridad.com.co\/index.php\/wp-json\/wp\/v2\/media?parent=2613"}],"wp:term":[{"taxonomy":"product_brand","embeddable":true,"href":"https:\/\/www.articulosdeseguridad.com.co\/index.php\/wp-json\/wp\/v2\/product_brand?post=2613"},{"taxonomy":"product_cat","embeddable":true,"href":"https:\/\/www.articulosdeseguridad.com.co\/index.php\/wp-json\/wp\/v2\/product_cat?post=2613"},{"taxonomy":"product_tag","embeddable":true,"href":"https:\/\/www.articulosdeseguridad.com.co\/index.php\/wp-json\/wp\/v2\/product_tag?post=2613"}],"curies":[{"name":"wp","href":"https:\/\/api.w.org\/{rel}","templated":true}]}}